393 composite?
False
Is 67922597 prime?
True
Is 4159681 composite?
False
Is 53525767 a prime number?
False
Is 17334287 a composite number?
True
Is 16090661 a prime number?
True
Is 271494109 composite?
True
Is 301364053 a composite number?
False
Is 58805921 a composite number?
True
Is 82761437 a prime number?
False
Is 2061001 composite?
True
Is 754627 a composite number?
False
Is 222080723 a prime number?
False
Is 23169857 a composite number?
False
Is 723467 prime?
True
Is 396474613 prime?
True
Is 182593 prime?
True
Is 994793 prime?
True
Is 2174141 a prime number?
True
Is 11238299 a composite number?
True
Is 184704027 prime?
False
Is 1366747 a prime number?
True
Is 504026521 composite?
True
Is 140241523 a prime number?
False
Is 13348583 prime?
False
Is 4998211 prime?
True
Is 560461 composite?
True
Is 13664033 composite?
True
Is 36405427 composite?
False
Is 3503827 composite?
True
Is 7136401 a prime number?
True
Is 5714837 composite?
False
Is 29800409 prime?
True
Is 7274153 a prime number?
True
Is 600865711 a composite number?
False
Is 3501551 a prime number?
False
Is 4079963 a prime number?
True
Is 82661 prime?
False
Is 25810933 a composite number?
False
Is 12075871 prime?
True
Is 39887215 a prime number?
False
Is 198507567 prime?
False
Is 1664927 a prime number?
False
Is 47180585 prime?
False
Is 15036089 prime?
False
Is 8194657 prime?
False
Is 4772459 prime?
True
Is 11170867 a prime number?
True
Is 433891 a composite number?
True
Is 2147903 prime?
True
Is 7877333 composite?
False
Is 47718007 a prime number?
True
Is 1504231 prime?
True
Is 779789759 a prime number?
False
Is 1621819 a composite number?
False
Is 155863807 prime?
False
Is 19860503 composite?
True
Is 1668919 prime?
False
Is 88561533 a prime number?
False
Is 1206379947 composite?
True
Is 95378681 a prime number?
True
Is 25425181 prime?
True
Is 16569523 composite?
False
Is 8783513 a prime number?
True
Is 3198643 composite?
True
Is 2033401 a prime number?
True
Is 16708117 a composite number?
False
Is 75867037 a prime number?
True
Is 10508978 a prime number?
False
Is 530137793 composite?
False
Is 24262471 a composite number?
True
Is 1168309 prime?
False
Is 66549991 a composite number?
False
Is 7176419 a prime number?
True
Is 2711567 a prime number?
True
Is 3636043 a composite number?
False
Is 23841281 composite?
False
Is 11966203 composite?
True
Is 9520219 a prime number?
True
Is 26036833 composite?
True
Is 1018763 a prime number?
True
Is 207218461 composite?
False
Is 55091317 a composite number?
True
Is 1059187 a prime number?
False
Is 155388293 composite?
True
Is 2264047 a prime number?
False
Is 42912473 a composite number?
False
Is 631306343 prime?
False
Is 173268193 prime?
False
Is 215954633 composite?
False
Is 2579911 a composite number?
False
Is 1195223 a composite number?
False
Is 10900369 prime?
True
Is 733511 prime?
True
Is 124717345 prime?
False
Is 88165273 composite?
True
Is 2257581 composite?
True
Is 2210491 a prime number?
False
Is 56394511 a composite number?
False
Is 9433763 a prime number?
True
Is 18703357 composite?
False
Is 71286307 composite?
True
Is 7689299 prime?
True
Is 1026418267 composite?
True
Is 436673 a composite number?
False
Is 9093998 a prime number?
False
Is 6339397 a prime number?
False
Is 217901 prime?
True
Is 11141549 a prime number?
True
Is 2809423 prime?
True
Is 48835 a prime number?
False
Is 19873531 a composite number?
True
Is 38217551 composite?
False
Is 20817677 a composite number?
False
Is 26374954 a composite number?
True
Is 51724702 composite?
True
Is 187383979 a composite number?
True
Is 7302179 prime?
True
Is 72555563 composite?
False
Is 6652937 prime?
True
Is 21684293 composite?
False
Is 10100869 a composite number?
False
Is 6209111 composite?
False
Is 45705514 composite?
True
Is 2032181 a prime number?
True
Is 32478911 prime?
True
Is 29814451 prime?
True
Is 5101879 prime?
True
Is 1491647 a prime number?
False
Is 2382187 a prime number?
True
Is 9022159 a composite number?
False
Is 36560837 composite?
False
Is 1589513 prime?
True
Is 135824957 a prime number?
False
Is 52201 prime?
True
Is 48507117 prime?
False
Is 148077169 a prime number?
False
Is 3132361 a prime number?
False
Is 36382937 a prime number?
True
Is 1832433799 a composite number?
True
Is 15674941 composite?
False
Is 33415099 a prime number?
True
Is 596430547 prime?
True
Is 34657087 a prime number?
False
Is 23415109 a composite number?
True
Is 509867 a prime number?
True
Is 2690137 a prime number?
True
Is 83213783 a composite number?
False
Is 152574757 composite?
True
Is 27622357 prime?
False
Is 3867869 a prime number?
False
Is 7876693 prime?
False
Is 405015137 prime?
False
Is 5361451 a composite number?
False
Is 1817581 composite?
False
Is 8177837 composite?
True
Is 95245393 a prime number?
True
Is 105192029 prime?
False
Is 1284389 a composite number?
True
Is 210032755 composite?
True
Is 3104669 composite?
False
Is 510494795 a prime number?
False
Is 116675107 prime?
True
Is 30923567 a composite number?
True
Is 2633359 composite?
False
Is 4395367 prime?
False
Is 190417823 a composite number?
False
Is 7029079 a composite number?
False
Is 11527951 a composite number?
True
Is 837307 a prime number?
True
Is 8915999 a prime number?
True
Is 627593 prime?
True
Is 16997441 prime?
False
Is 6673969 a composite number?
False
Is 34972771 prime?
True
Is 40272697 a composite number?
False
Is 29600369 a prime number?
True
Is 183727667 composite?
True
Is 91115113 a prime number?
False
Is 69940687 prime?
True
Is 2001269 a prime number?
True
Is 16772039 prime?
False
Is 6448567 a composite number?
False
Is 115391893 composite?
False
Is 172793443 composite?
False
Is 206287694 prime?
False
Is 12727471 prime?
True
Is 14937617 composite?
False
Is 2081317759 prime?
True
Is 75041563 prime?
False
Is 4400573 prime?
False
Is 74781121 prime?
True
Is 4600853 prime?
False
Is 4816093 a composite number?
True
Is 23062157 prime?
False
Is 179824991 a composite number?
False
Is 1124183 a composite number?
True
Is 21671911 prime?
False
Is 5173657 a prime number?
True
Is 42769777 composite?
False
Is 6632167 a composite number?
False
Is 358363 a composite number?
True
Is 148441913 prime?
False
Is 960863 prime?
True
Is 164710847 a composite number?
True
Is 12896239 a composite number?
True
Is 16614938 prime?
False
Is 37062241 a prime number?
False
Is 977079 a prime number?
False
Is 343687159 composite?
False
Is 2968109 composite?
True
Is 6707281 prime?
False
Is 561415457 prime?
True
Is 128597 composite?
True
Is 14847241 a composite number?
True
Is 15861887 prime?
True
Is 132090951 a prime number?
False
Is 4513195 prime?
False
Is 838711 composite?
False
Is 13123115 composite?
True
Is 3887207 a composite number?
True
Is 40506373 a prime number?
True
Is 10538611 a composite number?
False
Is 2468951 a prime number?
True
Is 3575318 prime?
False
Is 9735451 prime?
False
Is 28793839 composite?
True
Is 8655503 a composite number?
True
Is 6754513 composite?
False
Is 63889177 composite?
True
Is 20650753 a prime number?
True
Is 52830181 prime?
False
Is 2191799 prime?
True
Is 645632961 a prime number?
False
Is 18601207 a prime number?
False
Is 288897419 a composite number?
False
Is 3975341 a prime number?
True
Is 489187723 composite?
True
Is 4523579 a composite number?
False
Is 7757003 a prime number?
False
Is 10002985 composite?
True
Is 4359841 composite?
False
Is 233814239 prime?
False
Is 14121557 a prime number?
False
Is 12957239 prime?
True
Is 20109953 a prime number?
True
Is 6002299 a composite number?
True
Is 16113827 a composite number?
True
Is 30987953 a prime number?
True
Is 7951667 a composite number?
False
Is 11855303 prime?
True
Is 1862695 a prime number?
False
Is 21842891 prime?
False
Is 38830819 prime?
False
Is 458827 composite?
True
Is 320842469 prime?
True
Is 38357897 a composite number?
True
Is 7924481 prime?
False
Is 14145869 composite?
True
Is 773803 prime?
True
Is 95018299 prime?
True
Is 4825937 a prime number?
True
Is 3504707 composite?
True
Is 4038137 a composite number?
True
Is 18891953 composite?
False
Is 8911739 a composite number?
False
Is 498682 a composite number?
True
Is 203621939 a composite number?
True
Is 2954387 prime?
True
Is 14632663 a composite number?
True
Is 10058443 composite?
False
Is 4889